test common divisor of 38 and i?
19
Let h(m) = m**3 - 4*m**2 - 10*m - 1. Let q be h(7). What is the greatest common divisor of 19 and q?
19
Let s be -1*-1*11 + 2. Let b be 2/(-8) + s/4. Suppose -5*x = 20, -b*q + 6*q - 2*x = 32. Calculate the highest common divisor of q and 88.
8
Let f(d) = -21*d**3 - 2*d**2 - d. Let n be f(-1). Suppose 103 + 33 = -2*l. Let o = n - l. Calculate the greatest common divisor of o and 11.
11
Let q = -5 + 5. Let m be 0 + (-2 - -6) - q. Suppose -f + 15 = m*f. What is the greatest common factor of f and 1?
1
Let s = -14 - -19. What is the highest common divisor of 45 and s?
5
Let p be 9/(189/888) - (-4)/(-14). Calculate the greatest common factor of 6 and p.
6
Suppose -4*q - 4*k + 0*k + 192 = 0, 0 = -3*q - k + 134. Suppose q = 3*d + 10. Calculate the highest common factor of 22 and d.
11
Suppose 271 = n + 73. Let m be n/4 + (-39)/26. What is the greatest common factor of 12 and m?
12
Let q be (-1)/(((-21)/(-18))/(-7)). Let x = -3 - -3. Let k(b) = -b**3 - b**2 + b + 9. Let c be k(x). What is the highest common factor of c and q?
3
Let u = 18 - 38. Let h = -11 - u. Calculate the highest common divisor of h and 99.
9
Suppose -2*m = -110 - 198. Suppose -2*n + 2 = -42. What is the greatest common divisor of n and m?
22
Suppose -5*z + o + 244 + 7 = 0, -3*z - 3*o = -147. Suppose 0*y = -5*y + z. What is the highest common factor of y and 100?
10
Let z be 2 - (-3 + 2 + -1). Let p(c) = 11*c + 1. Let g be p(z). Suppose -3*r - 4*f = r - 52, 0 = -3*r + f + 59. Calculate the highest common factor of g and r.
9
Suppose 0 = -4*v + 16, -5*r = -0*v - 2*v + 8. Suppose -y + 349 = 4*g + 109, r = -5*y - 5*g + 1125. What is the greatest common factor of 20 and y?
20
Suppose 2*c + 4*d - 72 = 0, -3*c + 147 = 5*d + 36. Calculate the highest common divisor of 84 and c.
42
Suppose -y - 5*y + 72 = 0. Calculate the highest common factor of y and 12.
12
Let a(p) = 25*p + 2. Let w(y) = -y**2 - 10*y + 2. Let g be w(-10). Let s be a(g). Calculate the greatest common factor of s and 13.
13
Let t(i) be the first derivative of -i - 3 + 9/2*i**2. Let s be t(1). What is the greatest common factor of 72 and s?
8
Suppose 36 + 12 = 2*g. Suppose -h = g - 143. Calculate the highest common factor of h and 17.
17
Suppose 0 = -3*c - 2*c + 35. Let x be -1 - 2*(-3)/6. Suppose 4*r - 12 - 16 = x. Calculate the highest common divisor of r and c.
7
Let x be 60/(-8)*(-4)/(-5). Let u be (-10)/15 - (-2)/x. Let k be -1 - u - 2 - -9. Calculate the highest common factor of k and 14.
7
Let u = 17 + -38. Let k = -20 - u. What is the highest common factor of 4 and k?
1
Suppose -12 = -5*k + 2*k. Suppose 0 = k*q - 0*q - 8. Suppose -4 = z - q*z. What is the greatest common divisor of 28 and z?
4
Suppose 5*f - u - 494 = 0, 2 = -2*f + 2*u + 206. Suppose 0*c + m = 2*c - 28, -m = c - 14. Calculate the highest common factor of f and c.
14
Suppose -3*u - u + 12 = 0. Suppose -11 = -2*z - l + 2, 0 = -l - u. What is the highest common divisor of 2 and z?
2
Let y be -3 + (-4)/(16/(-156)). Let w be (-2 - 2) + 2 + 11. Calculate the highest common factor of w and y.
9
Suppose 3*p = -3*g + 285, 0 = 3*p + 5*g + 97 - 374. Suppose 7*u - 27 = 4*u. Calculate the greatest common divisor of p and u.
9
Let g be 1/(-2)*0 + 4. Let t be 2/g*0 + 4. Suppose 0 = -c + 39 - 23. What is the greatest common factor of c and t?
4
Suppose -153 - 957 = -6*f. Calculate the highest common divisor of 37 and f.
37
Suppose 5*m = 33 - 8. Let g be (-6)/(3/m - 1). Let h be g*(-2 + (-18)/(-5)). Calculate the highest common divisor of h and 6.
6
Suppose -5*k = q - 6*q + 75, 0 = 4*k + 12. What is the highest common divisor of 18 and q?
6
Let v be -15*(12/36 + 46/(-30)). What is the highest common factor of v and 9?
9
Suppose 0 = -y + 5*y - 72. Let s be (-225)/6*12/(-10). Calculate the greatest common factor of y and s.
9
Suppose -g + 0*g - 9 = 0. Let b be g/(-6)*(-28)/(-6). Calculate the highest common factor of b and 35.
7
Suppose z = 2*w - 4*z - 89, z + 1 = 0. Calculate the highest common factor of 63 and w.
21
Let d be (-1 + 1)/(-7 - -5). Let h be -1 + (-1 - d)*-2. Let f be 5*h/5*21. What is the greatest common factor of f and 3?
3
Suppose q - 2*q - 100 = -4*i, 3*i - 3*q = 66. Let o = 32 - 90. Let k = o + 97. Calculate the highest common factor of k and i.
13
Let q(s) = -s**3 + 3*s**2 + 5*s + 1. Let p be q(-2). What is the greatest common factor of 1 and p?
1
Suppose 3*q - 55 = -7. Calculate the greatest common divisor of q and 32.
16
Let z(h) = h**2 + 2. Let l be z(0). Suppose l*u + 7 = 103. Suppose 3*a + a - u = 0. What is the greatest common factor of 3 and a?
3
Let d(b) = -b**3 + 10*b**2 - 10*b - 27. Let g be d(8). Calculate the greatest common factor of 14 and g.
7
Let i(o) = -o**2 - 13*o - 8. Let j be i(-10). Let z be (j/(-6))/(9/(-216)). What is the greatest common factor of 11 and z?
11
Let x(w) = 2*w - 9. Let l be x(6). Let q = 96 - 67. Suppose 4*p - q = l. What is the greatest common divisor of 12 and p?
4
Let q = -29 + 48. What is the greatest common factor of q and 171?
19
Suppose 2*y + 2*u = 0, -4*u - 8 = y - u. Suppose q = -y*d + 26, -3*d - 3*q = 2*d - 29. What is the greatest common divisor of d and 7?
7
Let i = -23 + 58. Let y be (1*3)/(3 - 2). Let h(g) = -g**3 + 3*g**2 + 3*g - 2. Let q be h(y). Calculate the greatest common divisor of q and i.
7
Let j(n) = 9*n**3 + 2*n**2 - 2*n + 1. Let p be j(1). Let a be (p/(-4))/(6/(-12)). Calculate the greatest common factor of 15 and a.
5
Let y = -1 - -8. Let r(k) = -k**3 + k**2 + k + 2. Let b be r(2). Let u = 1 - b. Calculate the greatest common divisor of u and y.
1
Let p(k) = 2*k**2 - 3*k**2 + 3*k + 2*k - 4. Let q be p(7). Let r be 29/9 - (-4)/q. Calculate the greatest common factor of r and 15.
3
Let z be (-10)/(-6) + 1/3. Let c be 0 + -2 - 0/(-1). Let r(q) = -q. Let d be r(c). What is the greatest common factor of d and z?
2
Suppose 4*l = -4*n + 28, 0 = 2*l - 4*l - 3*n + 10. Suppose 2*h = -3*h + 225. Suppose -h = -4*u + 43. Calculate the highest common divisor of l and u.
11
Let p = -130 + 228. Calculate the highest common divisor of 14 and p.
14
Let b be -1 - -8 - (3 - 3). Let o = -3 + 10. Suppose o = n - 14. Calculate the greatest common divisor of b and n.
7
Suppose 2*n = 2 + 4. What is the highest common factor of 1 and n?
1
Suppose 4*c = -g + 323, -g + 314 = 4*c - 3*g. Calculate the highest common factor of 40 and c.
40
Suppose -s - 10 = -58. What is the greatest common factor of s and 16?
16
Let u(t) = 25*t**2. Let q be u(-2). Suppose -3*n + 8*n - q = 0. Calculate the highest common divisor of n and 20.
20
Let i(z) = z**2 + 5*z - 2. Let b be i(-7). Let c be 1*(b/(-1))/(-1). Let o(k) = 45*k - 3. Let n be o(3). Calculate the highest common divisor of n and c.
12
Let o(k) = -66*k**3 - 1. Let l = 4 + -5. Let g be o(l). Calculate the highest common factor of 13 and g.
13
Let w(a) = -3*a + 1. Let i be w(-6). Let n = i + -10. Calculate the highest common factor of 99 and n.
9
Let y be 2/5 + 478/5. Let q = -9 + 33. What is the greatest common factor of q and y?
24
Let k be (-2)/9 + (-866)/(-9). Suppose 0*j + 3*j = k. Suppose -3*w = -2*w - j. What is the highest common divisor of w and 4?
4
Let d(b) = -15*b - 27. Let s be d(-6). What is the greatest common factor of 9 and s?
9
Suppose 0 = -57*x + 62*x - 425. What is the highest common divisor of x and 5?
5
Suppose 3*i + 2*w = -w + 2676, 4*i = 2*w + 3592. Suppose 0*z = -4*z + i. Suppose -4*g - 16 = -z. Calculate the highest common divisor of 13 and g.
13
Let l(m) be the third derivative of m**4/6 - m**3/6 + 2*m**2. Let w be l(5). What is the greatest common divisor of 209 and w?
19
Suppose -v - 5 = 5*l, -2*l - v + 1 = -3*l. Let o be (124/2 - l) + 3. Calculate the greatest common divisor of o and 6.
6
Let l = 14 + -11. Calculate the highest common divisor of 1 and l.
1
Let m be 15 + (8 - 3) + -1. Calculate the greatest common factor of 114 and m.
19
Suppose -2*k + 4*p - 108 = -6*k, 4*p = 3*k - 67. Calculate the highest common divisor of 20 and k.
5
Let q(w) = 12*w**2 + 2*w - 4. Let u be q(3). Let l(f) = -f**2 - 15*f - 32. Let v be l(-6). Calculate the greatest common factor of u and v.
22
Let a be ((-3056)/36)/(-4) + 4/(-18). Let x(m) = m**3 - 6*m**2 + 5*m + 7. Let w be x(5). Calculate the highest common divisor of